{"id":39,"date":"2009-01-19T17:26:44","date_gmt":"2009-01-19T16:26:44","guid":{"rendered":"http:\/\/www.orformornorm.ch\/site\/?page_id=39"},"modified":"2015-02-11T17:20:20","modified_gmt":"2015-02-11T16:20:20","slug":"amnesty","status":"publish","type":"page","link":"http:\/\/www.orformornorm.ch\/site\/artistes\/amnesty\/","title":{"rendered":"Amnesty"},"content":{"rendered":"<p><img decoding=\"async\" loading=\"lazy\" class=\"alignnone size-full wp-image-3878\" title=\"orformOrnorm-2012-Amnesty\" src=\"http:\/\/www.orformornorm.ch\/site\/wp-content\/uploads\/2012\/11\/orformOrnorm-2012-Amnesty.jpg\" alt=\"\" width=\"650\" height=\"867\" srcset=\"http:\/\/www.orformornorm.ch\/site\/wp-content\/uploads\/2012\/11\/orformOrnorm-2012-Amnesty.jpg 650w, http:\/\/www.orformornorm.ch\/site\/wp-content\/uploads\/2012\/11\/orformOrnorm-2012-Amnesty-224x300.jpg 224w\" sizes=\"(max-width: 650px) 100vw, 650px\" \/><\/p>\n<p>photographie \u00a9\u00a0<a href=\"http:\/\/www.michelmeier.ch\" target=\"_blank\">Michel Meier<\/a><\/p>\n<p>&nbsp;<\/p>\n<p>Artiste incontournable de la sc\u00e8ne rapologique suisse depuis plusieurs ann\u00e9es, <span style=\"text-decoration: underline;\">Amnesty<\/span> \u00e0 fait ses d\u00e9buts dans le collectif MH, avec qui il sort son premier maxi Artriste en 2002 avec un featuring du Parisien S\u00ebar Lui-m\u00eame. Puis il collabore avec le label Sickswan records pour la sortie de son album Artizanal en 2005. Il rejoint en 2007 le label oO sous lequel il va sortir son prochain opus Artistreet. Faisant aussi partie du Food for ya Soul Team, il fait plusieurs sc\u00e8nes en posant sur des instrus originales de Soul. Amnesty se d\u00e9marque tout particuli\u00e8rement par la maturit\u00e9 de son \u00e9criture, son flow percutant et ses textes conscients.<br \/>\nIl travaille sur un album en collaboration avec S\u00ebar Lui-m\u00eame qui sortira en 2011.<\/p>\n<p><strong>albums |<br \/>\n<\/strong>Libert\u00e9 | Amnesty &amp; Se\u00e4r Lui-M\u00eame | orformOrnorm &amp; L&rsquo;Or Noir | 2012<strong><br \/>\n<span style=\"font-weight: normal;\">Artizanal | sickswan records | 2005<br \/>\nArtriste | Maxi Vinyle | MH \u00a0records | 2002<\/span><\/strong><\/p>\n<p><strong>apparitions |<br \/>\n<\/strong>C&rsquo;est la f\u00eate | <a href=\"http:\/\/orformornorm.bandcamp.com\/album\/be-kind-record\" target=\"_blank\">Be Kind Record<\/a> | Skile | orformOrnorm | 2015<br \/>\nLe son de vie, Une belle brochette de MC&rsquo;s | Intemporel | Oddrock | 2014<strong><br \/>\n<\/strong><a href=\"http:\/\/www.orformornorm.ch\/shop\/volume-oo2\" target=\"_blank\">Compilation Volume oO2<\/a> | orformOrnorm | 2012<strong><br \/>\n<\/strong>Open Bar | <a href=\"http:\/\/www.orformornorm.ch\/shop\/une-journee-hip-hop\" target=\"_blank\">Une journ\u00e9e Hip Hop<\/a> | Nokti &amp; M.O.H | 2011<strong><br \/>\n<\/strong>M.I.X.T.A.P.E. | Protontype 4 | Poh-Low &amp; DJ Juliano | 2009<br \/>\n<a href=\"http:\/\/www.orformornorm.ch\/site\/discographie\/volume-oo1\" target=\"_blank\"> Compilation Volume oO1<\/a> | orformOrnorm | 2008<br \/>\nTo get better | <a href=\"http:\/\/www.orformornorm.ch\/site\/discographie\/food-for-ya-soul-vol2\" target=\"_blank\">Food For Ya Soul Volume 2<\/a> | Amnesty \u2013 Sisma \u2013 Ketak | 2007<br \/>\nG\u00e9n\u00e9rations | CH 2006 | Amnesty \u2013 Shaka Z | 2006<br \/>\nMy Diary | <a href=\"http:\/\/www.orformornorm.ch\/site\/discographie\/food-for-ya-soul-vol1\" target=\"_blank\">Food For Ya Soul Volume 1<\/a>| 2006<br \/>\n\u2026 | <a href=\"http:\/\/www.orformornorm.ch\/site\/discographie\/le-son-2\" target=\"_blank\">Le Son 2<\/a> | Skile | 2005<br \/>\nLacoza.net | DJ BS | 2005<br \/>\nS\u00ebar Lui-m\u00eame | S\u00ebar | 2005<br \/>\nRap de proximit\u00e9 | CH 2004 | 2004<br \/>\nMode de vie | Sick Swan records | 2004<br \/>\nMaxi Vinyl Promoskeud | 2004<br \/>\nMixtape MH 3 | MH records | 2003<br \/>\nMixtape Tous pourris | 2003<br \/>\nMixtape Bastard Academy | Belgique | 2003<br \/>\nMixtape ANPE MC\u2019S en faction | DJ Pray One | 2003<br \/>\nMixtape MH 2 |MH records | 2002<br \/>\nL\u2019Assaut 2 |CMA | 2002<br \/>\nMixtape SOS Freestyle 3 | DJ Deck | 2001<br \/>\nLouder vol. 1 | DJ Loud | 2001<br \/>\nMixtape Le Ralliement | DJ Mesk | 2001<br \/>\nMixtape Babylon | DJ Eagle | 2001<br \/>\nMixtape MH 23 Karats | MH records | 2000<br \/>\nMixtape Bon Rapp\u00e9tit | DJ Joker | 2000<br \/>\nLozane sex prime | Fliprod | 2000<br \/>\nMixtape 1er V-air set | DJ V-Air | 2000<br \/>\nMixtape Ennemis d\u2019Etat | DJ Master Jay | 1999<\/p>\n<p><strong>contact |<\/strong><br \/>\namnesty|at|orformornorm.ch<br \/>\n<a style=\"color: #663300; text-decoration: none; padding: 0px;\" href=\"http:\/\/www.myspace.com\/amnestymusique\" target=\"_blank\">Myspace Amnesty<\/a><\/p>\n<script data-cfasync=\"false\" type=\"text\/javascript\"><\/script>\n                <!-- AddThis Settings Begin -->\n                <script data-cfasync=\"false\" type=\"text\/javascript\">\n                    var addthis_product = \"wpp-5.3.0\";\n                    var wp_product_version = \"wpp-5.3.0\";\n                    var wp_blog_version = \"6.2.9\";\n                    var addthis_plugin_info = {\"info_status\":\"enabled\",\"cms_name\":\"WordPress\",\"cms_version\":\"6.2.9\",\"plugin_name\":\"Share Buttons by AddThis\",\"plugin_version\":\"5.3.0\",\"anonymous_profile_id\":\"wp-f0acefef906d734520ccba2cbbcbfb1a\",\"plugin_mode\":\"WordPress\",\"select_prefs\":{\"addthis_per_post_enabled\":true,\"addthis_above_enabled\":false,\"addthis_below_enabled\":true,\"addthis_sidebar_enabled\":false,\"addthis_mobile_toolbar_enabled\":false,\"addthis_above_showon_home\":true,\"addthis_below_showon_home\":true,\"addthis_above_showon_pages\":true,\"addthis_below_showon_pages\":true,\"addthis_above_showon_categories\":true,\"addthis_below_showon_categories\":true,\"addthis_above_showon_archives\":true,\"addthis_below_showon_archives\":true,\"addthis_above_showon_posts\":true,\"addthis_above_showon_excerpts\":true,\"addthis_below_showon_posts\":true,\"addthis_below_showon_excerpts\":true,\"addthis_sidebar_showon_home\":true,\"addthis_sidebar_showon_posts\":true,\"addthis_sidebar_showon_pages\":true,\"addthis_sidebar_showon_archives\":true,\"addthis_sidebar_showon_categories\":true,\"addthis_mobile_toolbar_showon_home\":true,\"addthis_mobile_toolbar_showon_posts\":true,\"addthis_mobile_toolbar_showon_pages\":true,\"addthis_mobile_toolbar_showon_archives\":true,\"addthis_mobile_toolbar_showon_categories\":true,\"sharing_enabled_on_post_via_metabox\":true},\"page_info\":{\"template\":false}};\n                    if (typeof(addthis_config) == \"undefined\") {\n                        var addthis_config = {\"data_track_clickback\":true,\"ui_language\":\"fr\",\"ui_atversion\":300,\"ignore_server_config\":true};\n                    }\n                    if (typeof(addthis_share) == \"undefined\") {\n                        var addthis_share = {};\n                    }\n                    if (typeof(addthis_layers) == \"undefined\") {\n                        var addthis_layers = {};\n                    }\n                <\/script>\n                <script\n                    data-cfasync=\"false\"\n                    type=\"text\/javascript\"\n                    src=\"\/\/s7.addthis.com\/js\/300\/addthis_widget.js#pubid=wp-f0acefef906d734520ccba2cbbcbfb1a \"\n                    async=\"async\"\n                >\n                <\/script>\n                <script data-cfasync=\"false\" type=\"text\/javascript\">\n                    (function() {\n                        var at_interval = setInterval(function () {\n                            if(window.addthis) {\n                                clearInterval(at_interval);\n                                addthis.layers(addthis_layers);\n                            }\n                        },1000)\n                    }());\n                <\/script>\n                ","protected":false},"excerpt":{"rendered":"<p>photographie \u00a9\u00a0Michel Meier &nbsp; Artiste incontournable de la sc\u00e8ne rapologique suisse depuis plusieurs ann\u00e9es, Amnesty \u00e0 fait ses d\u00e9buts dans le collectif MH, avec qui il sort son premier maxi Artriste en 2002 avec un featuring du Parisien S\u00ebar Lui-m\u00eame. Puis il collabore avec le label Sickswan records pour la sortie de son album Artizanal [&hellip;]<\/p>\n","protected":false},"author":1,"featured_media":0,"parent":34,"menu_order":4,"comment_status":"closed","ping_status":"closed","template":"pagetemplate.php","meta":[],"_links":{"self":[{"href":"http:\/\/www.orformornorm.ch\/site\/wp-json\/wp\/v2\/pages\/39"}],"collection":[{"href":"http:\/\/www.orformornorm.ch\/site\/wp-json\/wp\/v2\/pages"}],"about":[{"href":"http:\/\/www.orformornorm.ch\/site\/wp-json\/wp\/v2\/types\/page"}],"author":[{"embeddable":true,"href":"http:\/\/www.orformornorm.ch\/site\/wp-json\/wp\/v2\/users\/1"}],"replies":[{"embeddable":true,"href":"http:\/\/www.orformornorm.ch\/site\/wp-json\/wp\/v2\/comments?post=39"}],"version-history":[{"count":31,"href":"http:\/\/www.orformornorm.ch\/site\/wp-json\/wp\/v2\/pages\/39\/revisions"}],"predecessor-version":[{"id":4517,"href":"http:\/\/www.orformornorm.ch\/site\/wp-json\/wp\/v2\/pages\/39\/revisions\/4517"}],"up":[{"embeddable":true,"href":"http:\/\/www.orformornorm.ch\/site\/wp-json\/wp\/v2\/pages\/34"}],"wp:attachment":[{"href":"http:\/\/www.orformornorm.ch\/site\/wp-json\/wp\/v2\/media?parent=39"}],"curies":[{"name":"wp","href":"https:\/\/api.w.org\/{rel}","templated":true}]}}