{"id":2478,"date":"2010-05-24T20:11:44","date_gmt":"2010-05-24T19:11:44","guid":{"rendered":"http:\/\/www.orformornorm.ch\/nokti"},"modified":"2015-04-01T20:48:03","modified_gmt":"2015-04-01T19:48:03","slug":"nokti","status":"publish","type":"page","link":"http:\/\/www.orformornorm.ch\/site\/artistes\/nokti\/","title":{"rendered":"Nokti"},"content":{"rendered":"<p><img decoding=\"async\" loading=\"lazy\" class=\"alignnone size-full wp-image-3884\" title=\"orformOrnorm-2012-Nokti\" src=\"http:\/\/www.orformornorm.ch\/site\/wp-content\/uploads\/2012\/11\/orformOrnorm-2012-Nokti.jpg\" alt=\"\" width=\"650\" height=\"867\" srcset=\"http:\/\/www.orformornorm.ch\/site\/wp-content\/uploads\/2012\/11\/orformOrnorm-2012-Nokti.jpg 650w, http:\/\/www.orformornorm.ch\/site\/wp-content\/uploads\/2012\/11\/orformOrnorm-2012-Nokti-224x300.jpg 224w\" sizes=\"(max-width: 650px) 100vw, 650px\" \/><\/p>\n<p>photographie \u00a9\u00a0<a href=\"http:\/\/www.michelmeier.ch\" target=\"_blank\">Michel Meier<\/a><\/p>\n<p>&nbsp;<\/p>\n<p>Membre fondateur du groupe parisien \u00ab\u00a0La Case Negre\u00a0\u00bb et activiste au sein du label Alchimie Radicale, Nokti se d\u00e9crit comme \u00e9tant un enfant de cette musique. Avec 15 ans de rap \u00e0 son actif et une grosse pr\u00e9sence dans le monde du Hip Hop, c\u2019est l\u2019un des rares MC \u00e0 ne pas dissocier son art et sa vie, les \u00e9crits et les faits, donc l\u2019un des rares \u00e0 privil\u00e9gier le fond avant la forme. N\u00e9 en 1994, le duo compos\u00e9 de V\u00e9li, MC \/ Compositeur et de Nokti, MC, a sorti son premier album \u00ab\u00a0Prologues\u00a0\u00bb en 2005, enregistr\u00e9 en majeure partie au studio orformOrnorm. C\u2019est donc 11 ann\u00e9es pass\u00e9es \u00e0 \u00e9cumer la moindre sc\u00e8ne Hip Hop parisienne ainsi que dans toute la France. De plus, une liste impressionnante de projets a \u00e9t\u00e9 cr\u00e9\u00e9e (Album, Compile, Mix tape) avant m\u00eame d\u2019envoyer son Opus dans les bacs. Le LP conna\u00eetra un succ\u00e8s d\u2019estime et fera l\u2019image de marque du groupe, sa qualit\u00e9, sa richesse lyricale et sonore. L&rsquo;album sera masteris\u00e9 \u00e0 Montr\u00e9al par Strat\u00e8ge, ami du groupe et Moiti\u00e9 des Architekts, un collectif qu\u00e9b\u00e9cois important sur la sc\u00e8ne canadienne. En 10 jours, V\u00e9li et Nokti manag\u00e9s par Strat\u00e8ge auront fait une promo plus qu\u2019efficace passant par la t\u00e9l\u00e9, la radio et beaucoup de sc\u00e8nes.<\/p>\n<p>Puis Nokti, voyageur itin\u00e9rant, se retrouv\u00e9 \u00e0 Lausanne par le biais de son cousin. C\u2019est l\u00e0, qu\u2019il a c\u00f4toy\u00e9 la sc\u00e8ne Helv\u00e9tique et plus particuli\u00e8rement Person ex Hana Club qui sera m\u00eame pr\u00e9sent avec Nostra sur le morceau \u00ab\u00a04 verses\u00a0\u00bb de l\u2019album Prologues. L\u2019envie de travailler ensemble les pousse dans un projet orchestr\u00e9 par Asphalt qui prendra le nom de \u00ab\u00a0Underground Suspect\u00a0\u00bb au c\u00f4t\u00e9 de K8, Scor16, Killa Kish et Nostra. Un album \u00ab\u00a0Faits Divers\u00a0\u00bb verra m\u00eame le jour. Puis il erejoint le label orformOrnorm.<\/p>\n<p>Photographie par Loorent<\/p>\n<p><strong>Albums |<br \/>\n<\/strong><a href=\"http:\/\/grandpapatra.bandcamp.com\/album\/top-secret\" target=\"_blank\">Top Secret<\/a> | Nokti &amp; Grand Papa Tra | 2012<strong><br \/>\n<\/strong><a href=\"http:\/\/www.orformornorm.ch\/shop\/une-journee-hip-hop\" target=\"_blank\">Une journ\u00e9e Hip Hop<\/a> | Nokti &amp; M.O.H | 2011<br \/>\n<a href=\"http:\/\/www.orformornorm.ch\/archives\/3059\" target=\"_blank\">BacKStaGe<\/a> | Nokti &amp; M.O.H | 2011<br \/>\nFaits Divers | Underground Suspect |\u00a0Album | 2007<br \/>\nPrologue | Case N\u00e8gre |\u00a0Alchimie Radicale | 2005<br \/>\nBout de vie | Case N\u00e8gre | Maxi | 2004<br \/>\nBarraux de lumi\u00e8re | Case N\u00e8gre | Maxi | 2002<br \/>\nBarreaux de lumi\u00e8re &#8211; Flemme | Case N\u00e8gre | Maxi Vynil | 2001<br \/>\nAmertume &#8211; Quand j&rsquo;rap | Maxi Vynil | Case N\u00e8gre | 1998<\/p>\n<p><strong>Apparitions |<br \/>\n<\/strong>Sixi\u00e8me sens | Lord RC | Bande originale | 2015<strong><br \/>\n<\/strong>C&rsquo;est rien que du rap | <a href=\"http:\/\/orformornorm.bandcamp.com\/album\/be-kind-record\" target=\"_blank\">Be Kind Record<\/a> | Skile | orformOrnorm | 2015<br \/>\nPas d&rsquo;comp\u00e9tition, une belle brochette de MC&rsquo;s | Intemporel | Oddrock | 2014<strong><br \/>\n<\/strong>10\u00e8me dan | Indigo Rouge | V\u00e9li &amp; No Games | No Games Records | 2014<br \/>\nLa Source | <a href=\"http:\/\/reprezent.ch\/?p=28557\" target=\"_blank\">Hip Hop Caf\u00e9 Reprezent Mixtape<\/a> | HardLife &amp; Webster | 2014<br \/>\nOn veut les choses grandes | <a href=\"http:\/\/www.mediafire.com\/download\/z6jpc5b8bbtu7fs\/OpDeux.rar\" target=\"_blank\">Op\u00e9ration plume 2<\/a> | Unal | 2014<br \/>\nHip Hop | Grand Capo | Royal Flush &amp; Grand Papa Tra | 2014<br \/>\nApr\u00e8s l&rsquo;orage | C&rsquo;qu&rsquo;ils attendent | Fl\u00e9o | 2013<br \/>\nMicrophone fiend |\u00a0<a href=\"https:\/\/soundcloud.com\/original-classic-records-1\/ivan-in-love-with-nicki?utm_source=soundcloud&amp;utm_campaign=share&amp;utm_medium=facebook\" target=\"_blank\">In love with Niki<\/a>\u00a0| I.V.A.N | 2013<br \/>\nTechnique interdite | Anatomy | Greis | 2013<br \/>\nLa guerre des mondes | Primetime vol. 4 | Dr Prime Starnak | 2012<br \/>\nMon son te parle &#8211; Mourir une seule fois |<a href=\"http:\/\/www.orformornorm.ch\/shop\/micro-projet-skile-1per7ible\" target=\"_blank\"> micro projet Skile &amp; 1Per7Ible<\/a> | orformOrnorm | 2012<br \/>\n<a href=\"http:\/\/www.orformornorm.ch\/shop\/volume-oo2\" target=\"_blank\">Compilation Volume oO2<\/a> | orformOrnorm | 2012<br \/>\nLa guerre des mondes | T-Rap-Y | Naty | 2010<br \/>\nBois ma peine | Le langage des cygnes | Pharaon Prod | Sickswan Records | 2009<br \/>\nRules of attraction | Gran Papa Tra | 2009<br \/>\nActe de naissance | Nostra | Feelin&rsquo; music | 2009<br \/>\nFiles Vol. 1 | No Games |\u00a0No Games Records | 2009<br \/>\nA l&rsquo;arrache | Alchimie Radicale | 2008<br \/>\n1020 selection |\u00a0Compilation | 2008<br \/>\nEnfants de ce monde | Makisar | 2008<br \/>\nIron George | GR! &amp; Serval | BO bande dessin\u00e9e | 2008<br \/>\nvolume oO2 | orformOrnorm | 2008<br \/>\nIl codice da B&rsquo;zone | Sisma | Sickswan Records | 2007<br \/>\nVivre libre ou mourir | Ketak | Sickswan Records | 2007<br \/>\nSagesse immobile | Webster | Canada | 2007<br \/>\nMelting Pot | Eclektik &amp; Utter Staff | Compilation | 2007<br \/>\nCH 2006 | BM Organisation | Compilation suisse | 2006<br \/>\nTripodd | Oddrock | orformOrnorm | 2006<br \/>\nMode de vie \u00e9trange | Seven | Alchimie Radicale | 2006<br \/>\nLe boss du quartier | Limoilou Starz | Canada | 2006<br \/>\nPour le son | Alien D | 2006<br \/>\nPhonographe 2 | Compilation | 2006<br \/>\nR\u00e8glement de compte | Compilation | 2006<br \/>\nLe Son 2 | Skile | orformOrnorm | 2005<br \/>\nCH 2005 | BM Organisation | Compilation suisse | 2005<br \/>\nHighLevel | Compilation | 2005<br \/>\nLa c\u00eet\u00e9 | Ray Ray | Canada | 2005<br \/>\nZone Rouge | Est Team | 2005<br \/>\nR\u00e9volu Son | L&rsquo;\u00e9meute | Compilation | 2005<br \/>\nMicrophone freestyle Vol. 1 | Compilation | 2004<br \/>\nGo\u00fbte \u00e0 ma sauce | Strat\u00e8ge et Cobna (Canada) | 2004<br \/>\nTerroir urbain | Militant Muzik | Mixtape Canada | 2004<br \/>\nPersonne n&rsquo;est innocent | Micha\u00ebl | Alchimie Radicale | 2003<br \/>\nXX\u00e8me Vol. 4 | Mixtape | 2003<br \/>\nXX\u00e8me Vol. 5 | Mixtape | 2003<br \/>\nXX\u00e8me Vol. 3 | Mixtape | 2002<br \/>\n30 rappeurs pour d\u00e9p\u00e9naliser |\u00a0Compilation | 2002<br \/>\nLes \u00e2mes meurtries | Compilation | 2002<br \/>\nPSG Vol. 1 | Mixtape | 2002Pur son ghetto | Dj Dawa | Mixtape | 2001<br \/>\nHardcore gu\u00e9rilla vol. 1 |\u00a0SMR2 | Mixtape | 2001<br \/>\n20\u00e8me century fuck | Mixtape | 2001<br \/>\nles repentis| Mixtape | 2001<br \/>\nGlauque 2001 | Alchimie Radicale | 2001<br \/>\nXX\u00e8me Vol. 1 | Mixtape | 2001<br \/>\nXX\u00e8me Vol. 2 | Mixtape | 2001<br \/>\nN\u00e9ochrome 2 | Mixtape | 2000<br \/>\nWanted freestyle | Mixtape | 2000<br \/>\nFlouz dans le gang | Compile B\u00e9ton arm\u00e9 | 2000<br \/>\nMarsAttaque | Mixtape | 2000<br \/>\nNoMixtape | Ph\u00e9no | Mixtape | 2000<br \/>\nWanted |\u00a0Micha\u00ebl |\u00a0Alchimie Radicale | 2000<br \/>\nOn aura\u00eet pu se conna\u00eetre | Album Boogotop | 1999<br \/>\nQui suis-je? | Compile Kool &amp; Radikal | 1999<br \/>\nFreestyle feat. 20\u00e8me district | DJ Siens |\u00a0Mixtape | 1999<br \/>\nIll\u00e9gal Bizness | Mixtape | 1999<br \/>\nDJ Size | Mixtape | 1999<br \/>\nNoMixtape | Ph\u00e9no | Mixtape | 1999<br \/>\nBoogotop represent | Op\u00e9ration Freestyle | Cut Killer | 1998<br \/>\nGBO!!! | Compilation Micro Ouvert | FLEO | 1998<br \/>\nHyst\u00e9rie | Compilation Hip Hop Vibes 4 | 1998<br \/>\nMixtape DJ Kost no 10 | 1998<br \/>\nMixtape Cut Killer 100% fran\u00e7ais | 1998<br \/>\nMixtape NoMixtape de Ph\u00e9no | 1998<br \/>\nMixtape DJ James L&rsquo;enjeu | 1998<br \/>\nMixtape Cut Killer | Boogotop | 1997<br \/>\nMixtape DJ Kost no 9\u00a0 | 1997<br \/>\nMixtape DJ Poska\u00a0 | 1997<br \/>\nMixtape DJ Deepsycho\u00a0 | 1997<br \/>\nD\u00e9sir | Compilation Diasporagga | 1996<\/p>\n<p>&nbsp;<\/p>\n<p><strong>Contact|<br \/>\n<span style=\"font-weight: normal;\">nokti|at|orformornorm.ch<br \/>\n<a href=\"http:\/\/noktipoppacase.com\" target=\"_blank\">Blog de Nokti<\/a><\/span><\/strong><\/p>\n<script data-cfasync=\"false\" type=\"text\/javascript\"><\/script>\n                <!-- AddThis Settings Begin -->\n                <script data-cfasync=\"false\" type=\"text\/javascript\">\n                    var addthis_product = \"wpp-5.3.0\";\n                    var wp_product_version = \"wpp-5.3.0\";\n                    var wp_blog_version = \"6.2.9\";\n                    var addthis_plugin_info = {\"info_status\":\"enabled\",\"cms_name\":\"WordPress\",\"cms_version\":\"6.2.9\",\"plugin_name\":\"Share Buttons by AddThis\",\"plugin_version\":\"5.3.0\",\"anonymous_profile_id\":\"wp-f0acefef906d734520ccba2cbbcbfb1a\",\"plugin_mode\":\"WordPress\",\"select_prefs\":{\"addthis_per_post_enabled\":true,\"addthis_above_enabled\":false,\"addthis_below_enabled\":true,\"addthis_sidebar_enabled\":false,\"addthis_mobile_toolbar_enabled\":false,\"addthis_above_showon_home\":true,\"addthis_below_showon_home\":true,\"addthis_above_showon_pages\":true,\"addthis_below_showon_pages\":true,\"addthis_above_showon_categories\":true,\"addthis_below_showon_categories\":true,\"addthis_above_showon_archives\":true,\"addthis_below_showon_archives\":true,\"addthis_above_showon_posts\":true,\"addthis_above_showon_excerpts\":true,\"addthis_below_showon_posts\":true,\"addthis_below_showon_excerpts\":true,\"addthis_sidebar_showon_home\":true,\"addthis_sidebar_showon_posts\":true,\"addthis_sidebar_showon_pages\":true,\"addthis_sidebar_showon_archives\":true,\"addthis_sidebar_showon_categories\":true,\"addthis_mobile_toolbar_showon_home\":true,\"addthis_mobile_toolbar_showon_posts\":true,\"addthis_mobile_toolbar_showon_pages\":true,\"addthis_mobile_toolbar_showon_archives\":true,\"addthis_mobile_toolbar_showon_categories\":true,\"sharing_enabled_on_post_via_metabox\":true},\"page_info\":{\"template\":false}};\n                    if (typeof(addthis_config) == \"undefined\") {\n                        var addthis_config = {\"data_track_clickback\":true,\"ui_language\":\"fr\",\"ui_atversion\":300,\"ignore_server_config\":true};\n                    }\n                    if (typeof(addthis_share) == \"undefined\") {\n                        var addthis_share = {};\n                    }\n                    if (typeof(addthis_layers) == \"undefined\") {\n                        var addthis_layers = {};\n                    }\n                <\/script>\n                <script\n                    data-cfasync=\"false\"\n                    type=\"text\/javascript\"\n                    src=\"\/\/s7.addthis.com\/js\/300\/addthis_widget.js#pubid=wp-f0acefef906d734520ccba2cbbcbfb1a \"\n                    async=\"async\"\n                >\n                <\/script>\n                <script data-cfasync=\"false\" type=\"text\/javascript\">\n                    (function() {\n                        var at_interval = setInterval(function () {\n                            if(window.addthis) {\n                                clearInterval(at_interval);\n                                addthis.layers(addthis_layers);\n                            }\n                        },1000)\n                    }());\n                <\/script>\n                ","protected":false},"excerpt":{"rendered":"<p>photographie \u00a9\u00a0Michel Meier &nbsp; Membre fondateur du groupe parisien \u00ab\u00a0La Case Negre\u00a0\u00bb et activiste au sein du label Alchimie Radicale, Nokti se d\u00e9crit comme \u00e9tant un enfant de cette musique. Avec 15 ans de rap \u00e0 son actif et une grosse pr\u00e9sence dans le monde du Hip Hop, c\u2019est l\u2019un des rares MC \u00e0 ne [&hellip;]<\/p>\n","protected":false},"author":3,"featured_media":0,"parent":34,"menu_order":3,"comment_status":"open","ping_status":"open","template":"pagetemplate.php","meta":[],"_links":{"self":[{"href":"http:\/\/www.orformornorm.ch\/site\/wp-json\/wp\/v2\/pages\/2478"}],"collection":[{"href":"http:\/\/www.orformornorm.ch\/site\/wp-json\/wp\/v2\/pages"}],"about":[{"href":"http:\/\/www.orformornorm.ch\/site\/wp-json\/wp\/v2\/types\/page"}],"author":[{"embeddable":true,"href":"http:\/\/www.orformornorm.ch\/site\/wp-json\/wp\/v2\/users\/3"}],"replies":[{"embeddable":true,"href":"http:\/\/www.orformornorm.ch\/site\/wp-json\/wp\/v2\/comments?post=2478"}],"version-history":[{"count":37,"href":"http:\/\/www.orformornorm.ch\/site\/wp-json\/wp\/v2\/pages\/2478\/revisions"}],"predecessor-version":[{"id":2487,"href":"http:\/\/www.orformornorm.ch\/site\/wp-json\/wp\/v2\/pages\/2478\/revisions\/2487"}],"up":[{"embeddable":true,"href":"http:\/\/www.orformornorm.ch\/site\/wp-json\/wp\/v2\/pages\/34"}],"wp:attachment":[{"href":"http:\/\/www.orformornorm.ch\/site\/wp-json\/wp\/v2\/media?parent=2478"}],"curies":[{"name":"wp","href":"https:\/\/api.w.org\/{rel}","templated":true}]}}