{"id":208,"date":"2009-01-21T10:50:49","date_gmt":"2009-01-21T09:50:49","guid":{"rendered":"http:\/\/www.orformornorm.ch\/site\/?page_id=208"},"modified":"2012-07-31T23:09:20","modified_gmt":"2012-07-31T22:09:20","slug":"tribute-to-myself","status":"publish","type":"page","link":"http:\/\/www.orformornorm.ch\/site\/discographie\/tribute-to-myself\/","title":{"rendered":"Tribute to myself"},"content":{"rendered":"<p><img decoding=\"async\" loading=\"lazy\" class=\"alignnone size-full wp-image-676\" style=\"margin-bottom: 10px;\" title=\"tribute-to-myself-cover\" src=\"http:\/\/www.orformornorm.ch\/site\/wp-content\/uploads\/2009\/01\/tribute-to-myself-cover.jpg\" alt=\"tribute-to-myself-cover\" width=\"450\" height=\"378\" srcset=\"http:\/\/www.orformornorm.ch\/site\/wp-content\/uploads\/2009\/01\/tribute-to-myself-cover.jpg 450w, http:\/\/www.orformornorm.ch\/site\/wp-content\/uploads\/2009\/01\/tribute-to-myself-cover-300x252.jpg 300w\" sizes=\"(max-width: 450px) 100vw, 450px\" \/><br \/>\n<img decoding=\"async\" loading=\"lazy\" class=\"alignnone size-full wp-image-677\" style=\"margin-bottom: 10px;\" title=\"tribute-to-myself-back\" src=\"http:\/\/www.orformornorm.ch\/site\/wp-content\/uploads\/2009\/01\/tribute-to-myself-back.jpg\" alt=\"tribute-to-myself-back\" width=\"225\" height=\"189\" \/><br \/>\n<strong> Tribute to myself<\/strong> | Willy Sunshine | 2008<\/p>\n<p>01 | Sunrise feat. Chief<br \/>\n02 | These people\u00a0<a onclick=\"window.open('http:\/\/www.orformornorm.ch\/site\/wp-content\/uploads\/2009\/01\/02thesepeople.mp3','','width=200,height=50,left=0,top=0');return false;\" href=\"http:\/\/www.orformornorm.ch\/site\/wp-content\/uploads\/2009\/01\/02thesepeople.mp3\"><img decoding=\"async\" loading=\"lazy\" class=\"alignnone size-full wp-image-258\" style=\"vertical-align: middle;\" title=\"\u00e9couter\" src=\"http:\/\/www.orformornorm.ch\/site\/wp-content\/uploads\/2009\/01\/playbutton.jpg\" alt=\"playbutton\" width=\"32\" height=\"14\" \/><\/a><br \/>\n03 | 5 A.M.<br \/>\n04 | Under the trees<br \/>\n05 | Lifetime<br \/>\n06 | Til\u2019 we see C notes feat. Sene\u00a0<a onclick=\"window.open('http:\/\/www.orformornorm.ch\/site\/wp-content\/uploads\/2009\/01\/06til-we-see-c-notes.mp3','','width=200,height=50,left=0,top=0');return false;\" href=\"http:\/\/www.orformornorm.ch\/site\/wp-content\/uploads\/2009\/01\/06til-we-see-c-notes.mp3\"><img decoding=\"async\" loading=\"lazy\" class=\"alignnone size-full wp-image-258\" style=\"vertical-align: middle;\" title=\"\u00e9couter\" src=\"http:\/\/www.orformornorm.ch\/site\/wp-content\/uploads\/2009\/01\/playbutton.jpg\" alt=\"playbutton\" width=\"32\" height=\"14\" \/><\/a><br \/>\n07 | Me &amp; you<br \/>\n08 | Napoli feat. Kronos<br \/>\n09 | Deadly affair<br \/>\n10 | Bridge to bama\u2019 feat. Talib Kweli \u2013 remix<br \/>\n11 | Strange flute feat. Kronos<br \/>\n12 | The journey<br \/>\n13 | A gun in her hand feat. MPC<br \/>\n14 | Sunset<\/p>\n<p>Produit, enregistr\u00e9 et mix\u00e9 par Willy Sunshine au studio Space Totem \u00e0 Lausanne sauf no 1 produit par Chief et Willy Sunshine, enregistr\u00e9 et mix\u00e9 par Chief au studio Feelin \u00e0 Lausanne, no 8 et 11 produits par Kronos et Willy Sunshine et no 13 produit par MPC et Willy Sunshine<br \/>\nMasteris\u00e9 par Chief au studio Feelin \u00e0 Lausanne<br \/>\nGraphisme par Flocon Errant<\/p>\n<p><a href=\"http:\/\/www.orformornorm.ch\/telechargements\" target=\"_blank\">TELECHARGER<\/a><\/p>\n<p><a href=\"http:\/\/www.orformornorm.ch\/artistes\/willy-sunshine\" target=\"_blank\">Biographie Willy Sunshine<\/a><\/p>\n<script data-cfasync=\"false\" type=\"text\/javascript\"><\/script>\n                <!-- AddThis Settings Begin -->\n                <script data-cfasync=\"false\" type=\"text\/javascript\">\n                    var addthis_product = \"wpp-5.3.0\";\n                    var wp_product_version = \"wpp-5.3.0\";\n                    var wp_blog_version = \"6.2.9\";\n                    var addthis_plugin_info = {\"info_status\":\"enabled\",\"cms_name\":\"WordPress\",\"cms_version\":\"6.2.9\",\"plugin_name\":\"Share Buttons by AddThis\",\"plugin_version\":\"5.3.0\",\"anonymous_profile_id\":\"wp-f0acefef906d734520ccba2cbbcbfb1a\",\"plugin_mode\":\"WordPress\",\"select_prefs\":{\"addthis_per_post_enabled\":true,\"addthis_above_enabled\":false,\"addthis_below_enabled\":true,\"addthis_sidebar_enabled\":false,\"addthis_mobile_toolbar_enabled\":false,\"addthis_above_showon_home\":true,\"addthis_below_showon_home\":true,\"addthis_above_showon_pages\":true,\"addthis_below_showon_pages\":true,\"addthis_above_showon_categories\":true,\"addthis_below_showon_categories\":true,\"addthis_above_showon_archives\":true,\"addthis_below_showon_archives\":true,\"addthis_above_showon_posts\":true,\"addthis_above_showon_excerpts\":true,\"addthis_below_showon_posts\":true,\"addthis_below_showon_excerpts\":true,\"addthis_sidebar_showon_home\":true,\"addthis_sidebar_showon_posts\":true,\"addthis_sidebar_showon_pages\":true,\"addthis_sidebar_showon_archives\":true,\"addthis_sidebar_showon_categories\":true,\"addthis_mobile_toolbar_showon_home\":true,\"addthis_mobile_toolbar_showon_posts\":true,\"addthis_mobile_toolbar_showon_pages\":true,\"addthis_mobile_toolbar_showon_archives\":true,\"addthis_mobile_toolbar_showon_categories\":true,\"sharing_enabled_on_post_via_metabox\":true},\"page_info\":{\"template\":false}};\n                    if (typeof(addthis_config) == \"undefined\") {\n                        var addthis_config = {\"data_track_clickback\":true,\"ui_language\":\"fr\",\"ui_atversion\":300,\"ignore_server_config\":true};\n                    }\n                    if (typeof(addthis_share) == \"undefined\") {\n                        var addthis_share = {};\n                    }\n                    if (typeof(addthis_layers) == \"undefined\") {\n                        var addthis_layers = {};\n                    }\n                <\/script>\n                <script\n                    data-cfasync=\"false\"\n                    type=\"text\/javascript\"\n                    src=\"\/\/s7.addthis.com\/js\/300\/addthis_widget.js#pubid=wp-f0acefef906d734520ccba2cbbcbfb1a \"\n                    async=\"async\"\n                >\n                <\/script>\n                <script data-cfasync=\"false\" type=\"text\/javascript\">\n                    (function() {\n                        var at_interval = setInterval(function () {\n                            if(window.addthis) {\n                                clearInterval(at_interval);\n                                addthis.layers(addthis_layers);\n                            }\n                        },1000)\n                    }());\n                <\/script>\n                ","protected":false},"excerpt":{"rendered":"<p>Tribute to myself | Willy Sunshine | 2008 01 | Sunrise feat. Chief 02 | These people\u00a0 03 | 5 A.M. 04 | Under the trees 05 | Lifetime 06 | Til\u2019 we see C notes feat. Sene\u00a0 07 | Me &amp; you 08 | Napoli feat. Kronos 09 | Deadly affair 10 | Bridge [&hellip;]<\/p>\n","protected":false},"author":1,"featured_media":0,"parent":24,"menu_order":12,"comment_status":"closed","ping_status":"closed","template":"releasestemplate.php","meta":[],"_links":{"self":[{"href":"http:\/\/www.orformornorm.ch\/site\/wp-json\/wp\/v2\/pages\/208"}],"collection":[{"href":"http:\/\/www.orformornorm.ch\/site\/wp-json\/wp\/v2\/pages"}],"about":[{"href":"http:\/\/www.orformornorm.ch\/site\/wp-json\/wp\/v2\/types\/page"}],"author":[{"embeddable":true,"href":"http:\/\/www.orformornorm.ch\/site\/wp-json\/wp\/v2\/users\/1"}],"replies":[{"embeddable":true,"href":"http:\/\/www.orformornorm.ch\/site\/wp-json\/wp\/v2\/comments?post=208"}],"version-history":[{"count":11,"href":"http:\/\/www.orformornorm.ch\/site\/wp-json\/wp\/v2\/pages\/208\/revisions"}],"predecessor-version":[{"id":3715,"href":"http:\/\/www.orformornorm.ch\/site\/wp-json\/wp\/v2\/pages\/208\/revisions\/3715"}],"up":[{"embeddable":true,"href":"http:\/\/www.orformornorm.ch\/site\/wp-json\/wp\/v2\/pages\/24"}],"wp:attachment":[{"href":"http:\/\/www.orformornorm.ch\/site\/wp-json\/wp\/v2\/media?parent=208"}],"curies":[{"name":"wp","href":"https:\/\/api.w.org\/{rel}","templated":true}]}}