{"id":131,"date":"2009-01-20T10:16:36","date_gmt":"2009-01-20T09:16:36","guid":{"rendered":"http:\/\/www.orformornorm.ch\/site\/?page_id=131"},"modified":"2012-11-07T17:13:34","modified_gmt":"2012-11-07T16:13:34","slug":"le-son-2","status":"publish","type":"page","link":"http:\/\/www.orformornorm.ch\/site\/discographie\/le-son-2\/","title":{"rendered":"Le Son 2"},"content":{"rendered":"<p><img decoding=\"async\" loading=\"lazy\" class=\"alignnone size-full wp-image-699\" style=\"margin-bottom: 10px;\" title=\"le-son-2-cover\" src=\"http:\/\/www.orformornorm.ch\/site\/wp-content\/uploads\/2009\/01\/le-son-2-cover.jpg\" alt=\"le-son-2-cover\" width=\"450\" height=\"386\" srcset=\"http:\/\/www.orformornorm.ch\/site\/wp-content\/uploads\/2009\/01\/le-son-2-cover.jpg 450w, http:\/\/www.orformornorm.ch\/site\/wp-content\/uploads\/2009\/01\/le-son-2-cover-300x257.jpg 300w\" sizes=\"(max-width: 450px) 100vw, 450px\" \/><br \/>\n<img decoding=\"async\" loading=\"lazy\" class=\"alignnone size-full wp-image-701\" style=\"margin-bottom: 10px;\" title=\"le-son-2-in\" src=\"http:\/\/www.orformornorm.ch\/site\/wp-content\/uploads\/2009\/01\/le-son-2-in.jpg\" alt=\"le-son-2-in\" width=\"450\" height=\"206\" srcset=\"http:\/\/www.orformornorm.ch\/site\/wp-content\/uploads\/2009\/01\/le-son-2-in.jpg 450w, http:\/\/www.orformornorm.ch\/site\/wp-content\/uploads\/2009\/01\/le-son-2-in-300x137.jpg 300w\" sizes=\"(max-width: 450px) 100vw, 450px\" \/><br \/>\n<img decoding=\"async\" loading=\"lazy\" class=\"alignnone size-full wp-image-702\" style=\"margin-bottom: 10px;\" title=\"le-son-2-back1\" src=\"http:\/\/www.orformornorm.ch\/site\/wp-content\/uploads\/2009\/01\/le-son-2-back1.jpg\" alt=\"le-son-2-back1\" width=\"225\" height=\"193\" \/><br \/>\n<strong> Le Son 2<\/strong> | Skile |2005<\/p>\n<p>01 | Intro | Oddrock \u2013 Enoz<br \/>\n02 | R\u00e9vise ta lit\u00e9rature | Megaton B-boys\u00a0<a onclick=\"window.open('http:\/\/www.orformornorm.ch\/site\/wp-content\/uploads\/2009\/01\/02revisetalitterature-megatonb-boys.mp3','','width=200,height=50,left=0,top=0');return false;\" href=\"http:\/\/www.orformornorm.ch\/site\/wp-content\/uploads\/2009\/01\/02revisetalitterature-megatonb-boys.mp3\"><img decoding=\"async\" loading=\"lazy\" class=\"alignnone size-full wp-image-258\" style=\"vertical-align: middle;\" title=\"\u00e9couter\" src=\"http:\/\/www.orformornorm.ch\/site\/wp-content\/uploads\/2009\/01\/playbutton.jpg\" alt=\"playbutton\" width=\"32\" height=\"14\" \/><\/a><br \/>\n03 | Ce qu\u2019on est | 1Pact2Rimes<br \/>\n04 | \u2026 | Amnesty<br \/>\n05 | On s\u2019laisse aller | Akira, D.friz\u00a0<a title=\"On s'laise aller | Akira, D.Friz\" onclick=\"window.open('http:\/\/www.orformornorm.ch\/site\/wp-content\/uploads\/2009\/01\/onslaissealler.mp3','','width=200,height=50,left=0,top=0');return false;\" href=\"http:\/\/www.orformornorm.ch\/site\/wp-content\/uploads\/2009\/01\/onslaissealler.mp3\"><img decoding=\"async\" loading=\"lazy\" class=\"alignnone size-full wp-image-258\" style=\"vertical-align: middle;\" title=\"\u00e9couter\" src=\"http:\/\/www.orformornorm.ch\/site\/wp-content\/uploads\/2009\/01\/playbutton.jpg\" alt=\"playbutton\" width=\"32\" height=\"14\" \/><\/a><br \/>\n06 | J\u2019aurais pu na\u00eetre | DKC<br \/>\n07 | Laisse place | DC<br \/>\n08 | Le grain de sable | GR !<br \/>\n09 | Audio r\u00e9alit\u00e9 | Skoozin\u00a0<a onclick=\"window.open('http:\/\/www.orformornorm.ch\/site\/wp-content\/uploads\/2009\/01\/09audio-realite-skoozin.mp3','','width=200,height=50,left=0,top=0');return false;\" href=\"http:\/\/www.orformornorm.ch\/site\/wp-content\/uploads\/2009\/01\/09audio-realite-skoozin.mp3\"><img decoding=\"async\" loading=\"lazy\" class=\"alignnone size-full wp-image-258\" style=\"vertical-align: middle;\" title=\"\u00e9couter\" src=\"http:\/\/www.orformornorm.ch\/site\/wp-content\/uploads\/2009\/01\/playbutton.jpg\" alt=\"playbutton\" width=\"32\" height=\"14\" \/><\/a><br \/>\n10 | Trace ta route | Meldja<br \/>\n11 | Sous ton nez | JPX, Nostra<br \/>\n12 | Lyrics et plateformes | Nokti\u00a0<a onclick=\"window.open('http:\/\/www.orformornorm.ch\/site\/wp-content\/uploads\/2009\/01\/12lyrics-et-plateforme-nokti-case-negre.mp3','','width=200,height=50,left=0,top=0');return false;\" href=\"http:\/\/www.orformornorm.ch\/site\/wp-content\/uploads\/2009\/01\/12lyrics-et-plateforme-nokti-case-negre.mp3\"><img decoding=\"async\" loading=\"lazy\" class=\"alignnone size-full wp-image-258\" style=\"vertical-align: middle;\" title=\"\u00e9couter\" src=\"http:\/\/www.orformornorm.ch\/site\/wp-content\/uploads\/2009\/01\/playbutton.jpg\" alt=\"playbutton\" width=\"32\" height=\"14\" \/><\/a><br \/>\n13 | Pris au pi\u00e8ge | Mens Sana<br \/>\n14 | Le retour du Smooz | Smooz<br \/>\n15 | No comment | Apology<br \/>\n16 | On se soutient | Luna Y Horca<br \/>\n17 | Pens\u00e9es nocturnes | 1per7ible \u2013 Shaka Z<br \/>\n18 | J\u2019attends plus rien de vous | Vice Analyst<br \/>\n19 | Peine de vie part. II | Killa Kish \u2013 Scor16\u2013 Person<\/p>\n<p>Produit par Skile sauf no 5 par Akira et Skile, no 6 par Chief, no 13 par Willy Sunshine<br \/>\nCuts par Oddrock sauf no 1 par Enoz et Oddrock<br \/>\nEnregistr\u00e9 et mix\u00e9 par Skile au studio Le Local \u00e0 Lausanne<br \/>\nMasteris\u00e9 au Millenium studio \u00e0 Nice<br \/>\nGraphisme par Bam et Sibylle<br \/>\n2005 \u00a9 orformOrnorm.ch<\/p>\n<p><a href=\"http:\/\/www.orformornorm.ch\/shop\" target=\"_blank\">ACHETER<\/a><\/p>\n<script data-cfasync=\"false\" type=\"text\/javascript\"><\/script>\n                <!-- AddThis Settings Begin -->\n                <script data-cfasync=\"false\" type=\"text\/javascript\">\n                    var addthis_product = \"wpp-5.3.0\";\n                    var wp_product_version = \"wpp-5.3.0\";\n                    var wp_blog_version = \"6.2.9\";\n                    var addthis_plugin_info = {\"info_status\":\"enabled\",\"cms_name\":\"WordPress\",\"cms_version\":\"6.2.9\",\"plugin_name\":\"Share Buttons by AddThis\",\"plugin_version\":\"5.3.0\",\"anonymous_profile_id\":\"wp-f0acefef906d734520ccba2cbbcbfb1a\",\"plugin_mode\":\"WordPress\",\"select_prefs\":{\"addthis_per_post_enabled\":true,\"addthis_above_enabled\":false,\"addthis_below_enabled\":true,\"addthis_sidebar_enabled\":false,\"addthis_mobile_toolbar_enabled\":false,\"addthis_above_showon_home\":true,\"addthis_below_showon_home\":true,\"addthis_above_showon_pages\":true,\"addthis_below_showon_pages\":true,\"addthis_above_showon_categories\":true,\"addthis_below_showon_categories\":true,\"addthis_above_showon_archives\":true,\"addthis_below_showon_archives\":true,\"addthis_above_showon_posts\":true,\"addthis_above_showon_excerpts\":true,\"addthis_below_showon_posts\":true,\"addthis_below_showon_excerpts\":true,\"addthis_sidebar_showon_home\":true,\"addthis_sidebar_showon_posts\":true,\"addthis_sidebar_showon_pages\":true,\"addthis_sidebar_showon_archives\":true,\"addthis_sidebar_showon_categories\":true,\"addthis_mobile_toolbar_showon_home\":true,\"addthis_mobile_toolbar_showon_posts\":true,\"addthis_mobile_toolbar_showon_pages\":true,\"addthis_mobile_toolbar_showon_archives\":true,\"addthis_mobile_toolbar_showon_categories\":true,\"sharing_enabled_on_post_via_metabox\":true},\"page_info\":{\"template\":false}};\n                    if (typeof(addthis_config) == \"undefined\") {\n                        var addthis_config = {\"data_track_clickback\":true,\"ui_language\":\"fr\",\"ui_atversion\":300,\"ignore_server_config\":true};\n                    }\n                    if (typeof(addthis_share) == \"undefined\") {\n                        var addthis_share = {};\n                    }\n                    if (typeof(addthis_layers) == \"undefined\") {\n                        var addthis_layers = {};\n                    }\n                <\/script>\n                <script\n                    data-cfasync=\"false\"\n                    type=\"text\/javascript\"\n                    src=\"\/\/s7.addthis.com\/js\/300\/addthis_widget.js#pubid=wp-f0acefef906d734520ccba2cbbcbfb1a \"\n                    async=\"async\"\n                >\n                <\/script>\n                <script data-cfasync=\"false\" type=\"text\/javascript\">\n                    (function() {\n                        var at_interval = setInterval(function () {\n                            if(window.addthis) {\n                                clearInterval(at_interval);\n                                addthis.layers(addthis_layers);\n                            }\n                        },1000)\n                    }());\n                <\/script>\n                ","protected":false},"excerpt":{"rendered":"<p>Le Son 2 | Skile |2005 01 | Intro | Oddrock \u2013 Enoz 02 | R\u00e9vise ta lit\u00e9rature | Megaton B-boys\u00a0 03 | Ce qu\u2019on est | 1Pact2Rimes 04 | \u2026 | Amnesty 05 | On s\u2019laisse aller | Akira, D.friz\u00a0 06 | J\u2019aurais pu na\u00eetre | DKC 07 | Laisse place | DC 08 [&hellip;]<\/p>\n","protected":false},"author":1,"featured_media":0,"parent":24,"menu_order":4,"comment_status":"closed","ping_status":"closed","template":"releasestemplate.php","meta":[],"_links":{"self":[{"href":"http:\/\/www.orformornorm.ch\/site\/wp-json\/wp\/v2\/pages\/131"}],"collection":[{"href":"http:\/\/www.orformornorm.ch\/site\/wp-json\/wp\/v2\/pages"}],"about":[{"href":"http:\/\/www.orformornorm.ch\/site\/wp-json\/wp\/v2\/types\/page"}],"author":[{"embeddable":true,"href":"http:\/\/www.orformornorm.ch\/site\/wp-json\/wp\/v2\/users\/1"}],"replies":[{"embeddable":true,"href":"http:\/\/www.orformornorm.ch\/site\/wp-json\/wp\/v2\/comments?post=131"}],"version-history":[{"count":37,"href":"http:\/\/www.orformornorm.ch\/site\/wp-json\/wp\/v2\/pages\/131\/revisions"}],"predecessor-version":[{"id":230,"href":"http:\/\/www.orformornorm.ch\/site\/wp-json\/wp\/v2\/pages\/131\/revisions\/230"}],"up":[{"embeddable":true,"href":"http:\/\/www.orformornorm.ch\/site\/wp-json\/wp\/v2\/pages\/24"}],"wp:attachment":[{"href":"http:\/\/www.orformornorm.ch\/site\/wp-json\/wp\/v2\/media?parent=131"}],"curies":[{"name":"wp","href":"https:\/\/api.w.org\/{rel}","templated":true}]}}